 2791.
2791
List the prime factors of 1875.
3, 5
List the prime factors of 3822.
2, 3, 7, 13
List the prime factors of 2644.
2, 661
List the prime factors of 346.
2, 173
What are the prime factors of 43685?
5, 8737
List the prime factors of 37476.
2, 3, 347
What are the prime factors of 612?
2, 3, 17
What are the prime factors of 41745?
3, 5, 11, 23
What are the prime factors of 272?
2, 17
What are the prime factors of 702?
2, 3, 13
List the prime factors of 734.
2, 367
What are the prime factors of 1114?
2, 557
What are the prime factors of 32086?
2, 61, 263
List the prime factors of 120440.
2, 5, 3011
What are the prime factors of 3601?
13, 277
List the prime factors of 4196.
2, 1049
List the prime factors of 1888.
2, 59
What are the prime factors of 1034?
2, 11, 47
What are the prime factors of 1005?
3, 5, 67
What are the prime factors of 6781?
6781
What are the prime factors of 16252?
2, 17, 239
List the prime factors of 872.
2, 109
List the prime factors of 109014.
2, 3, 18169
List the prime factors of 3737.
37, 101
List the prime factors of 128786.
2, 7, 9199
List the prime factors of 1359.
3, 151
What are the prime factors of 3466?
2, 1733
What are the prime factors of 2375?
5, 19
List the prime factors of 49052.
2, 12263
What are the prime factors of 653?
653
What are the prime factors of 20717?
20717
List the prime factors of 781.
11, 71
What are the prime factors of 928?
2, 29
List the prime factors of 35676.
2, 3, 991
List the prime factors of 1403.
23, 61
List the prime factors of 20507.
20507
What are the prime factors of 27975?
3, 5, 373
What are the prime factors of 22124?
2, 5531
What are the prime factors of 308?
2, 7, 11
What are the prime factors of 37110?
2, 3, 5, 1237
List the prime factors of 12120.
2, 3, 5, 101
List the prime factors of 154.
2, 7, 11
What are the prime factors of 20143?
20143
What are the prime factors of 10801?
7, 1543
List the prime factors of 8419.
8419
List the prime factors of 116964.
2, 3, 19
List the prime factors of 60039.
3, 7, 953
What are the prime factors of 1677?
3, 13, 43
List the prime factors of 50364.
2, 3, 1399
List the prime factors of 136.
2, 17
List the prime factors of 70031.
13, 5387
What are the prime factors of 37?
37
What are the prime factors of 3092?
2, 773
List the prime factors of 4889.
4889
What are the prime factors of 149829?
3, 49943
List the prime factors of 3241.
7, 463
What are the prime factors of 212?
2, 53
What are the prime factors of 16047?
3, 1783
What are the prime factors of 2786?
2, 7, 199
What are the prime factors of 196?
2, 7
List the prime factors of 122435.
5, 47, 521
What are the prime factors of 177905?
5, 7, 13, 17, 23
What are the prime factors of 48830?
2, 5, 19, 257
What are the prime factors of 964?
2, 241
What are the prime factors of 2793?
3, 7, 19
What are the prime factors of 48428?
2, 12107
What are the prime factors of 20256?
2, 3, 211
List the prime factors of 1204.
2, 7, 43
List the prime factors of 2124.
2, 3, 59
List the prime factors of 70347.
3, 131, 179
What are the prime factors of 12231?
3, 151
List the prime factors of 3284.
2, 821
What are the prime factors of 78?
2, 3, 13
List the prime factors of 21397.
21397
What are the prime factors of 8938?
2, 41, 109
What are the prime factors of 382?
2, 191
What are the prime factors of 32768?
2
What are the prime factors of 7493?
59, 127
List the prime factors of 81261.
3, 9029
List the prime factors of 473.
11, 43
What are the prime factors of 655?
5, 131
List the prime factors of 7787.
13, 599
What are the prime factors of 140136?
2, 3, 5839
What are the prime factors of 14535?
3, 5, 17, 19
What are the prime factors of 34?
2, 17
List the prime factors of 1529.
11, 139
List the prime factors of 286.
2, 11, 13
List the prime factors of 2140.
2, 5, 107
List the prime factors of 11201.
23, 487
List the prime factors of 62989.
62989
List the prime factors of 34481.
29, 41
List the prime factors of 19358.
2, 9679
What are the prime factors of 1300?
2, 5, 13
List the prime factors of 432.
2, 3
List the prime factors of 4465.
5, 19, 47
What are the prime factors of 52816?
2, 3301
List the prime factors of 11878.
2, 5939
What are the prime factors of 2185?
5, 19, 23
List the prime factors of 6500.
2, 5, 13
List the prime factors of 8634.
2, 3, 1439
What are the prime factors of 18557?
7, 11, 241
What are the prime factors of 58917?
3, 41, 479
What are the prime factors of 11125?
5, 89
What are the prime factors of 27314?
2, 7, 1951
List the prime factors of 9358.
2, 4679
List the prime factors of 64560.
2, 3, 5, 269
What are the prime factors of 1502?
2, 751
What are the prime factors of 9098?
2, 4549
What are the prime factors of 4324?
2, 23, 47
What are the prime factors of 533?
13, 41
List the prime factors of 23743.
23743
What are the prime factors of 2598?
2, 3, 433
List the prime factors of 125.
5
List the prime factors of 3994.
2, 1997
What are the prime factors of 24053?
67, 359
List the prime factors of 1091.
1091
List the prime factors of 38960.
2, 5, 487
List the prime factors of 269.
269
What are the prime factors of 4567?
4567
What are the prime factors of 7821?
3, 11, 79
List the prime factors of 39239.
39239
List the prime factors of 39214.
2, 7, 2801
What are the prime factors of 441?
3, 7
What are the prime factors of 71395?
5, 109, 131
List the prime factors of 24129.
3, 7, 383
List the prime factors of 124538.
2, 73, 853
What are the prime factors of 889?
7, 127
List the prime factors of 8073.
3, 13, 23
List the prime factors of 1139.
17, 67
List the prime factors of 69207.
3, 17, 23, 59
List the prime factors of 26744.
2, 3343
List the prime factors of 6688.
2, 11, 19
What are the prime factors of 13905?
3, 5, 103
What are the prime factors of 55941?
3, 29, 643
List the prime factors of 156098.
2, 78049
List the prime factors of 7727.
7727
What are the prime factors of 3721?
61
List the prime factors of 154.
2, 7, 11
What are the prime factors of 73624?
2, 9203
What are the prime factors of 92?
2, 23
List the prime factors of 5779.
5779
List the prime factors of 57443.
17, 31, 109
List the prime factors of 1122.
2, 3, 11, 17
What are the prime factors of 5379?
3, 11, 163
What are the prime factors of 5123?
47, 109
List the prime factors of 4106.
2, 2053
List the prime factors of 11081.
7, 1583
What are the prime factors of 11795?
5, 7, 337
What are the prime factors of 58779?
3, 7, 311
List the prime factors of 19032.
2, 3, 13, 61
List the prime factors of 1707.
3, 569
What are the prime factors of 755?
5, 151
What are the prime factors of 2147?
19, 113
What are the prime factors of 18628?
2, 4657
List the prime factors of 284.
2, 71
List the prime factors of 794.
2, 397
What are the prime factors of 9345?
3, 5, 7, 89
What are the prime factors of 37286?
2, 103, 181
List the prime factors of 77376.
2, 3, 13, 31
List the prime factors of 2911.
41, 71
What are the prime factors of 28182?
2, 3, 7, 11, 61
What are the prime factors of 10165?
5, 19, 107
What are the prime factors of 120470?
2, 5, 7, 1721
List the prime factors of 686.
2, 7
What are the prime factors of 1924?
2, 13, 37
List the prime factors of 10620.
2, 3, 5, 59
List the prime factors of 9093.
3, 7, 433
What are the prime factors of 1008?
2, 3, 7
List the prime factors of 32160.
2, 3, 5, 67
What are the prime factors of 4483?
4483
What are the prime factors of 712?
2, 89
List the prime factors of 57396.
2, 3, 4783
List the prime factors of 2871.
3, 11, 29
What are the prime factors of 11?
11
List the prime factors of 1314.
2, 3, 73
What are the prime factors of 487?
487
What are the prime factors of 1232?
2, 7, 11
List the prime factors of 39195.
3, 5, 13, 67
What are the prime factors of 12031?
53, 227
List the prime factors of 8777.
67, 131
List the prime factors of 162.
2, 3
List the prime factors of 8408.
2, 1051
List the prime factors of 10459.
10459
List the prime factors of 8738.
2, 17, 257
List the prime factors of 110710.
2, 5, 11071
What are the prime factors of 31576?
2, 3947
What are the prime factors of 2065?
5, 7, 59
List the prime factors of 4950.
2, 3, 5, 11
What are the prime factors of 580?
2, 5, 29
What are the prime factors of 1318?
2, 659
What are the prime factors of 1693?
1693
What are